{"id":105,"date":"2024-12-21T18:41:10","date_gmt":"2024-12-21T18:41:10","guid":{"rendered":"https:\/\/myraoptika.hu\/?page_id=105"},"modified":"2024-12-21T18:41:10","modified_gmt":"2024-12-21T18:41:10","slug":"egeszsegpeztarak","status":"publish","type":"page","link":"https:\/\/myraoptika.hu\/index.php\/egeszsegpeztarak\/","title":{"rendered":"EG\u00c9SZS\u00c9GP\u00c9ZT\u00c1RAK"},"content":{"rendered":"<p><img loading=\"lazy\" decoding=\"async\" class=\"alignnone wp-image-104 size-full\" src=\"https:\/\/myraoptika.hu\/wp-content\/uploads\/2024\/12\/logo_wall.png\" alt=\"\" width=\"800\" height=\"530\" srcset=\"https:\/\/myraoptika.hu\/wp-content\/uploads\/2024\/12\/logo_wall.png 800w, https:\/\/myraoptika.hu\/wp-content\/uploads\/2024\/12\/logo_wall-300x199.png 300w, https:\/\/myraoptika.hu\/wp-content\/uploads\/2024\/12\/logo_wall-768x509.png 768w\" sizes=\"auto, (max-width: 800px) 100vw, 800px\" \/><\/p>\n","protected":false},"excerpt":{"rendered":"","protected":false},"author":1,"featured_media":0,"parent":0,"menu_order":0,"comment_status":"closed","ping_status":"closed","template":"","meta":{"footnotes":""},"class_list":["post-105","page","type-page","status-publish","hentry"],"_links":{"self":[{"href":"https:\/\/myraoptika.hu\/index.php\/wp-json\/wp\/v2\/pages\/105","targetHints":{"allow":["GET"]}}],"collection":[{"href":"https:\/\/myraoptika.hu\/index.php\/wp-json\/wp\/v2\/pages"}],"about":[{"href":"https:\/\/myraoptika.hu\/index.php\/wp-json\/wp\/v2\/types\/page"}],"author":[{"embeddable":true,"href":"https:\/\/myraoptika.hu\/index.php\/wp-json\/wp\/v2\/users\/1"}],"replies":[{"embeddable":true,"href":"https:\/\/myraoptika.hu\/index.php\/wp-json\/wp\/v2\/comments?post=105"}],"version-history":[{"count":2,"href":"https:\/\/myraoptika.hu\/index.php\/wp-json\/wp\/v2\/pages\/105\/revisions"}],"predecessor-version":[{"id":107,"href":"https:\/\/myraoptika.hu\/index.php\/wp-json\/wp\/v2\/pages\/105\/revisions\/107"}],"wp:attachment":[{"href":"https:\/\/myraoptika.hu\/index.php\/wp-json\/wp\/v2\/media?parent=105"}],"curies":[{"name":"wp","href":"https:\/\/api.w.org\/{rel}","templated":true}]}}