{"id":15,"date":"2024-12-16T13:03:36","date_gmt":"2024-12-16T13:03:36","guid":{"rendered":"https:\/\/myraoptika.hu\/?page_id=15"},"modified":"2024-12-21T23:27:00","modified_gmt":"2024-12-21T23:27:00","slug":"szemuvegkeretek","status":"publish","type":"page","link":"https:\/\/myraoptika.hu\/index.php\/szemuvegkeretek\/","title":{"rendered":"SZEM\u00dcVEGKERETEK"},"content":{"rendered":"<p style=\"text-align: justify;\">Szem\u00fcvegkeret kollekci\u00f3inkkal igyeksz\u00fcnk mindenki sz\u00e1m\u00e1ra nemt\u0151l \u00e9s kort\u00f3l f\u00fcggetlen\u00fcl az egy\u00e9ni st\u00edlus\u00e1nak megfelel\u0151 szem\u00fcveget megtal\u00e1lni. A v\u00e1laszt\u00e9kunkban a hagyom\u00e1nyos szem\u00fcvegekt\u0151l kezdve a fiatalos designon \u00e1t, az egyedileg \u00a0gy\u00e1rtott szem\u00fcvegkeretekig, szinte minden kateg\u00f3ria jelen van. A szem\u00fcveg kiv\u00e1laszt\u00e1s\u00e1ban, munkat\u00e1rsaink szakszer\u0171 seg\u00edts\u00e9get ny\u00fajtanak abban, hogy az \u00d6n arcform\u00e1j\u00e1hoz \u00e9s st\u00edlus\u00e1hoz t\u00f6k\u00e9letesen passzol\u00f3 szem\u00fcveget viselhesse.<\/p>\n<p style=\"text-align: justify;\">Egy kis \u00edzel\u00edt\u0151 a forgalmazott m\u00e1rk\u00e1inkb\u00f3l:<\/p>\n\n<style>.uid-c69665040a35805f  .gt3pg-isotope-item {\n\tpadding-right: 20px;\n\tpadding-bottom: 20px;\n}\n.uid-c69665040a35805f  .gallery-isotope-wrapper {\n\tmargin-right: -20px;\n\tmargin-bottom: -20px;\n}\n.uid-c69665040a35805f  .isotope_item-wrapper {\n\tborder: 2px solid #dddddd;\n\tpadding: 0px;\n}\n<\/style><div id=\"uid-c69665040a35805f\" data-gt3pg-block=\"grid\" data-index=\"1\" class=\"gt3-photo-gallery-pro--isotope_gallery uid-c69665040a35805f gt3pg-pro--wrapper gt3pg-pro--grid \">\t\t<div data-cols=\"3\" data-cols-tablet=\"3\" data-cols-mobile=\"2\" class=\"gt3pg-isotope-gallery columns-3 hover-default gallery-grid  corner-rounded rectangle-16x9\" data-settings=\"{&quot;id&quot;:1,&quot;uid&quot;:&quot;uid-c69665040a35805f&quot;,&quot;grid_type&quot;:&quot;rectangle-16x9&quot;,&quot;modules&quot;:[&quot;Lightbox&quot;],&quot;lightboxArray&quot;:[{&quot;href&quot;:&quot;https:\\\/\\\/myraoptika.hu\\\/wp-content\\\/uploads\\\/2024\\\/12\\\/united-colors-of-benetton-logo.png&quot;,&quot;title&quot;:&quot;united-colors-of-benetton-logo&quot;,&quot;thumbnail&quot;:&quot;https:\\\/\\\/myraoptika.hu\\\/wp-content\\\/uploads\\\/2024\\\/12\\\/united-colors-of-benetton-logo-150x150.png&quot;,&quot;description&quot;:&quot;&quot;,&quot;is_video&quot;:0,&quot;image_id&quot;:166,&quot;width&quot;:920,&quot;height&quot;:500},{&quot;href&quot;:&quot;https:\\\/\\\/myraoptika.hu\\\/wp-content\\\/uploads\\\/2024\\\/12\\\/Roberto-Cavalli-Logo.png&quot;,&quot;title&quot;:&quot;Roberto-Cavalli-Logo&quot;,&quot;thumbnail&quot;:&quot;https:\\\/\\\/myraoptika.hu\\\/wp-content\\\/uploads\\\/2024\\\/12\\\/Roberto-Cavalli-Logo-150x150.png&quot;,&quot;description&quot;:&quot;&quot;,&quot;is_video&quot;:0,&quot;image_id&quot;:165,&quot;width&quot;:830,&quot;height&quot;:830},{&quot;href&quot;:&quot;https:\\\/\\\/myraoptika.hu\\\/wp-content\\\/uploads\\\/2024\\\/12\\\/pepe-jeans_owler_20160227_202440_original.jpg&quot;,&quot;title&quot;:&quot;pepe-jeans_owler_20160227_202440_original&quot;,&quot;thumbnail&quot;:&quot;https:\\\/\\\/myraoptika.hu\\\/wp-content\\\/uploads\\\/2024\\\/12\\\/pepe-jeans_owler_20160227_202440_original-150x150.jpg&quot;,&quot;description&quot;:&quot;&quot;,&quot;is_video&quot;:0,&quot;image_id&quot;:163,&quot;width&quot;:830,&quot;height&quot;:251},{&quot;href&quot;:&quot;https:\\\/\\\/myraoptika.hu\\\/wp-content\\\/uploads\\\/2024\\\/12\\\/raf-simons-calvin-klein-logo-01-480x320-1.jpg&quot;,&quot;title&quot;:&quot;raf-simons-calvin-klein-logo-01-480x320&quot;,&quot;thumbnail&quot;:&quot;https:\\\/\\\/myraoptika.hu\\\/wp-content\\\/uploads\\\/2024\\\/12\\\/raf-simons-calvin-klein-logo-01-480x320-1-150x150.jpg&quot;,&quot;description&quot;:&quot;&quot;,&quot;is_video&quot;:0,&quot;image_id&quot;:164,&quot;width&quot;:480,&quot;height&quot;:320},{&quot;href&quot;:&quot;https:\\\/\\\/myraoptika.hu\\\/wp-content\\\/uploads\\\/2024\\\/12\\\/mos_logo_large.png&quot;,&quot;title&quot;:&quot;mos_logo_large&quot;,&quot;thumbnail&quot;:&quot;https:\\\/\\\/myraoptika.hu\\\/wp-content\\\/uploads\\\/2024\\\/12\\\/mos_logo_large-150x150.png&quot;,&quot;description&quot;:&quot;&quot;,&quot;is_video&quot;:0,&quot;image_id&quot;:162,&quot;width&quot;:1200,&quot;height&quot;:900},{&quot;href&quot;:&quot;https:\\\/\\\/myraoptika.hu\\\/wp-content\\\/uploads\\\/2024\\\/12\\\/1280px-Hugo-Boss-Logo_svg.png&quot;,&quot;title&quot;:&quot;1280px-Hugo-Boss-Logo_svg&quot;,&quot;thumbnail&quot;:&quot;https:\\\/\\\/myraoptika.hu\\\/wp-content\\\/uploads\\\/2024\\\/12\\\/1280px-Hugo-Boss-Logo_svg-150x150.png&quot;,&quot;description&quot;:&quot;&quot;,&quot;is_video&quot;:0,&quot;image_id&quot;:161,&quot;width&quot;:1280,&quot;height&quot;:476},{&quot;href&quot;:&quot;https:\\\/\\\/myraoptika.hu\\\/wp-content\\\/uploads\\\/2024\\\/12\\\/1200px-Lacoste_logo_svg.png&quot;,&quot;title&quot;:&quot;1200px-Lacoste_logo_svg&quot;,&quot;thumbnail&quot;:&quot;https:\\\/\\\/myraoptika.hu\\\/wp-content\\\/uploads\\\/2024\\\/12\\\/1200px-Lacoste_logo_svg-150x150.png&quot;,&quot;description&quot;:&quot;&quot;,&quot;is_video&quot;:0,&quot;image_id&quot;:160,&quot;width&quot;:1200,&quot;height&quot;:578},{&quot;href&quot;:&quot;https:\\\/\\\/myraoptika.hu\\\/wp-content\\\/uploads\\\/2024\\\/12\\\/833a1d6f-26bf-480f-bac1-d08d541ea483__SR970300_.png.jpeg&quot;,&quot;title&quot;:&quot;833a1d6f-26bf-480f-bac1-d08d541ea483__SR970,300_.png&quot;,&quot;thumbnail&quot;:&quot;https:\\\/\\\/myraoptika.hu\\\/wp-content\\\/uploads\\\/2024\\\/12\\\/833a1d6f-26bf-480f-bac1-d08d541ea483__SR970300_.png-150x150.jpeg&quot;,&quot;description&quot;:&quot;&quot;,&quot;is_video&quot;:0,&quot;image_id&quot;:158,&quot;width&quot;:970,&quot;height&quot;:300},{&quot;href&quot;:&quot;https:\\\/\\\/myraoptika.hu\\\/wp-content\\\/uploads\\\/2024\\\/12\\\/4c671214-e0d9-11e7-bb5e-901b0e263cca.jpg&quot;,&quot;title&quot;:&quot;4c671214-e0d9-11e7-bb5e-901b0e263cca&quot;,&quot;thumbnail&quot;:&quot;https:\\\/\\\/myraoptika.hu\\\/wp-content\\\/uploads\\\/2024\\\/12\\\/4c671214-e0d9-11e7-bb5e-901b0e263cca-150x150.jpg&quot;,&quot;description&quot;:&quot;&quot;,&quot;is_video&quot;:0,&quot;image_id&quot;:157,&quot;width&quot;:1200,&quot;height&quot;:630}],&quot;lightbox&quot;:{&quot;enable&quot;:true,&quot;options&quot;:{&quot;instance&quot;:1}},&quot;items&quot;:[{&quot;href&quot;:&quot;https:\\\/\\\/myraoptika.hu\\\/wp-content\\\/uploads\\\/2024\\\/12\\\/united-colors-of-benetton-logo.png&quot;,&quot;title&quot;:&quot;united-colors-of-benetton-logo&quot;,&quot;thumbnail&quot;:&quot;https:\\\/\\\/myraoptika.hu\\\/wp-content\\\/uploads\\\/2024\\\/12\\\/united-colors-of-benetton-logo-150x150.png&quot;,&quot;description&quot;:&quot;&quot;,&quot;is_video&quot;:0,&quot;image_id&quot;:166,&quot;width&quot;:920,&quot;height&quot;:500},{&quot;href&quot;:&quot;https:\\\/\\\/myraoptika.hu\\\/wp-content\\\/uploads\\\/2024\\\/12\\\/Roberto-Cavalli-Logo.png&quot;,&quot;title&quot;:&quot;Roberto-Cavalli-Logo&quot;,&quot;thumbnail&quot;:&quot;https:\\\/\\\/myraoptika.hu\\\/wp-content\\\/uploads\\\/2024\\\/12\\\/Roberto-Cavalli-Logo-150x150.png&quot;,&quot;description&quot;:&quot;&quot;,&quot;is_video&quot;:0,&quot;image_id&quot;:165,&quot;width&quot;:830,&quot;height&quot;:830},{&quot;href&quot;:&quot;https:\\\/\\\/myraoptika.hu\\\/wp-content\\\/uploads\\\/2024\\\/12\\\/pepe-jeans_owler_20160227_202440_original.jpg&quot;,&quot;title&quot;:&quot;pepe-jeans_owler_20160227_202440_original&quot;,&quot;thumbnail&quot;:&quot;https:\\\/\\\/myraoptika.hu\\\/wp-content\\\/uploads\\\/2024\\\/12\\\/pepe-jeans_owler_20160227_202440_original-150x150.jpg&quot;,&quot;description&quot;:&quot;&quot;,&quot;is_video&quot;:0,&quot;image_id&quot;:163,&quot;width&quot;:830,&quot;height&quot;:251},{&quot;href&quot;:&quot;https:\\\/\\\/myraoptika.hu\\\/wp-content\\\/uploads\\\/2024\\\/12\\\/raf-simons-calvin-klein-logo-01-480x320-1.jpg&quot;,&quot;title&quot;:&quot;raf-simons-calvin-klein-logo-01-480x320&quot;,&quot;thumbnail&quot;:&quot;https:\\\/\\\/myraoptika.hu\\\/wp-content\\\/uploads\\\/2024\\\/12\\\/raf-simons-calvin-klein-logo-01-480x320-1-150x150.jpg&quot;,&quot;description&quot;:&quot;&quot;,&quot;is_video&quot;:0,&quot;image_id&quot;:164,&quot;width&quot;:480,&quot;height&quot;:320},{&quot;href&quot;:&quot;https:\\\/\\\/myraoptika.hu\\\/wp-content\\\/uploads\\\/2024\\\/12\\\/mos_logo_large.png&quot;,&quot;title&quot;:&quot;mos_logo_large&quot;,&quot;thumbnail&quot;:&quot;https:\\\/\\\/myraoptika.hu\\\/wp-content\\\/uploads\\\/2024\\\/12\\\/mos_logo_large-150x150.png&quot;,&quot;description&quot;:&quot;&quot;,&quot;is_video&quot;:0,&quot;image_id&quot;:162,&quot;width&quot;:1200,&quot;height&quot;:900},{&quot;href&quot;:&quot;https:\\\/\\\/myraoptika.hu\\\/wp-content\\\/uploads\\\/2024\\\/12\\\/1280px-Hugo-Boss-Logo_svg.png&quot;,&quot;title&quot;:&quot;1280px-Hugo-Boss-Logo_svg&quot;,&quot;thumbnail&quot;:&quot;https:\\\/\\\/myraoptika.hu\\\/wp-content\\\/uploads\\\/2024\\\/12\\\/1280px-Hugo-Boss-Logo_svg-150x150.png&quot;,&quot;description&quot;:&quot;&quot;,&quot;is_video&quot;:0,&quot;image_id&quot;:161,&quot;width&quot;:1280,&quot;height&quot;:476},{&quot;href&quot;:&quot;https:\\\/\\\/myraoptika.hu\\\/wp-content\\\/uploads\\\/2024\\\/12\\\/1200px-Lacoste_logo_svg.png&quot;,&quot;title&quot;:&quot;1200px-Lacoste_logo_svg&quot;,&quot;thumbnail&quot;:&quot;https:\\\/\\\/myraoptika.hu\\\/wp-content\\\/uploads\\\/2024\\\/12\\\/1200px-Lacoste_logo_svg-150x150.png&quot;,&quot;description&quot;:&quot;&quot;,&quot;is_video&quot;:0,&quot;image_id&quot;:160,&quot;width&quot;:1200,&quot;height&quot;:578},{&quot;href&quot;:&quot;https:\\\/\\\/myraoptika.hu\\\/wp-content\\\/uploads\\\/2024\\\/12\\\/833a1d6f-26bf-480f-bac1-d08d541ea483__SR970300_.png.jpeg&quot;,&quot;title&quot;:&quot;833a1d6f-26bf-480f-bac1-d08d541ea483__SR970,300_.png&quot;,&quot;thumbnail&quot;:&quot;https:\\\/\\\/myraoptika.hu\\\/wp-content\\\/uploads\\\/2024\\\/12\\\/833a1d6f-26bf-480f-bac1-d08d541ea483__SR970300_.png-150x150.jpeg&quot;,&quot;description&quot;:&quot;&quot;,&quot;is_video&quot;:0,&quot;image_id&quot;:158,&quot;width&quot;:970,&quot;height&quot;:300},{&quot;href&quot;:&quot;https:\\\/\\\/myraoptika.hu\\\/wp-content\\\/uploads\\\/2024\\\/12\\\/4c671214-e0d9-11e7-bb5e-901b0e263cca.jpg&quot;,&quot;title&quot;:&quot;4c671214-e0d9-11e7-bb5e-901b0e263cca&quot;,&quot;thumbnail&quot;:&quot;https:\\\/\\\/myraoptika.hu\\\/wp-content\\\/uploads\\\/2024\\\/12\\\/4c671214-e0d9-11e7-bb5e-901b0e263cca-150x150.jpg&quot;,&quot;description&quot;:&quot;&quot;,&quot;is_video&quot;:0,&quot;image_id&quot;:157,&quot;width&quot;:1200,&quot;height&quot;:630}]}\">\r\n\t\t\t<div class=\"gallery-isotope-wrapper\">\r\n\t\t\t\t<div class=\"gt3pg-isotope-item loading \" ><div class=\"isotope_item-wrapper\"><a href=\"https:\/\/myraoptika.hu\/wp-content\/uploads\/2024\/12\/united-colors-of-benetton-logo-300x163.png\" class=\"gt3pg-lightbox\" data-elementor-open-lightbox=\"no\"><div class=\"img-wrapper \"><img loading=\"lazy\" decoding=\"async\" width=\"300\" height=\"163\" src=\"https:\/\/myraoptika.hu\/wp-content\/uploads\/2024\/12\/united-colors-of-benetton-logo-300x163.png\" class=\"skip-lazy gt3-lazy-image\" alt=\"\" data-lazy-src=\"https:\/\/myraoptika.hu\/wp-content\/uploads\/2024\/12\/united-colors-of-benetton-logo-300x163.png?is-pending-load=1\" srcset=\"data:image\/png;base64,iVBORw0KGgoAAAANSUhEUgAAAB4AAAAQCAYAAAABOs\/SAAAACXBIWXMAAA7EAAAOxAGVKw4bAAAAF0lEQVQ4y2NgGAWjYBSMglEwCkbBQAMAB5AAARQG1IEAAAAASUVORK5CYII=\" \/><\/div><\/a><\/div><\/div><div class=\"gt3pg-isotope-item loading \" ><div class=\"isotope_item-wrapper\"><a href=\"https:\/\/myraoptika.hu\/wp-content\/uploads\/2024\/12\/Roberto-Cavalli-Logo-300x300.png\" class=\"gt3pg-lightbox\" data-elementor-open-lightbox=\"no\"><div class=\"img-wrapper \"><img loading=\"lazy\" decoding=\"async\" width=\"300\" height=\"300\" src=\"https:\/\/myraoptika.hu\/wp-content\/uploads\/2024\/12\/Roberto-Cavalli-Logo-300x300.png\" class=\"skip-lazy gt3-lazy-image\" alt=\"\" data-lazy-srcset=\"https:\/\/myraoptika.hu\/wp-content\/uploads\/2024\/12\/Roberto-Cavalli-Logo-300x300.png 300w, https:\/\/myraoptika.hu\/wp-content\/uploads\/2024\/12\/Roberto-Cavalli-Logo-150x150.png 150w\" data-lazy-sizes=\"(max-width: 300px) 100vw, 300px\" data-lazy-src=\"https:\/\/myraoptika.hu\/wp-content\/uploads\/2024\/12\/Roberto-Cavalli-Logo-300x300.png?is-pending-load=1\" srcset=\"data:image\/png;base64,iVBORw0KGgoAAAANSUhEUgAAAB4AAAAeCAYAAAA7MK6iAAAACXBIWXMAAA7EAAAOxAGVKw4bAAAAGklEQVRIx+3BMQEAAADCoPVP7W8GoAAAAOANDi4AAbvaTIQAAAAASUVORK5CYII=\" \/><\/div><\/a><\/div><\/div><div class=\"gt3pg-isotope-item loading \" ><div class=\"isotope_item-wrapper\"><a href=\"https:\/\/myraoptika.hu\/wp-content\/uploads\/2024\/12\/pepe-jeans_owler_20160227_202440_original-300x91.jpg\" class=\"gt3pg-lightbox\" data-elementor-open-lightbox=\"no\"><div class=\"img-wrapper \"><img loading=\"lazy\" decoding=\"async\" width=\"300\" height=\"91\" src=\"https:\/\/myraoptika.hu\/wp-content\/uploads\/2024\/12\/pepe-jeans_owler_20160227_202440_original-300x91.jpg\" class=\"skip-lazy gt3-lazy-image\" alt=\"\" data-lazy-src=\"https:\/\/myraoptika.hu\/wp-content\/uploads\/2024\/12\/pepe-jeans_owler_20160227_202440_original-300x91.jpg?is-pending-load=1\" srcset=\"data:image\/png;base64,iVBORw0KGgoAAAANSUhEUgAAAB4AAAAJCAYAAAAl45yBAAAACXBIWXMAAA7EAAAOxAGVKw4bAAAAEklEQVQ4y2NgGAWjYBSMAjIBAARBAAEvDsdMAAAAAElFTkSuQmCC\" \/><\/div><\/a><\/div><\/div><div class=\"gt3pg-isotope-item loading \" ><div class=\"isotope_item-wrapper\"><a href=\"https:\/\/myraoptika.hu\/wp-content\/uploads\/2024\/12\/raf-simons-calvin-klein-logo-01-480x320-1-300x200.jpg\" class=\"gt3pg-lightbox\" data-elementor-open-lightbox=\"no\"><div class=\"img-wrapper \"><img loading=\"lazy\" decoding=\"async\" width=\"300\" height=\"200\" src=\"https:\/\/myraoptika.hu\/wp-content\/uploads\/2024\/12\/raf-simons-calvin-klein-logo-01-480x320-1-300x200.jpg\" class=\"skip-lazy gt3-lazy-image\" alt=\"\" data-lazy-src=\"https:\/\/myraoptika.hu\/wp-content\/uploads\/2024\/12\/raf-simons-calvin-klein-logo-01-480x320-1-300x200.jpg?is-pending-load=1\" srcset=\"data:image\/png;base64,iVBORw0KGgoAAAANSUhEUgAAAB4AAAAUCAYAAACaq43EAAAACXBIWXMAAA7EAAAOxAGVKw4bAAAAGUlEQVRIx+3BMQEAAADCoPVPbQo\/oAAAeBsJdAABeVKmcQAAAABJRU5ErkJggg==\" \/><\/div><\/a><\/div><\/div><div class=\"gt3pg-isotope-item loading \" ><div class=\"isotope_item-wrapper\"><a href=\"https:\/\/myraoptika.hu\/wp-content\/uploads\/2024\/12\/mos_logo_large-300x225.png\" class=\"gt3pg-lightbox\" data-elementor-open-lightbox=\"no\"><div class=\"img-wrapper \"><img loading=\"lazy\" decoding=\"async\" width=\"300\" height=\"225\" src=\"https:\/\/myraoptika.hu\/wp-content\/uploads\/2024\/12\/mos_logo_large-300x225.png\" class=\"skip-lazy gt3-lazy-image\" alt=\"\" data-lazy-src=\"https:\/\/myraoptika.hu\/wp-content\/uploads\/2024\/12\/mos_logo_large-300x225.png?is-pending-load=1\" srcset=\"data:image\/png;base64,iVBORw0KGgoAAAANSUhEUgAAAB4AAAAWCAYAAADXYyzPAAAACXBIWXMAAA7EAAAOxAGVKw4bAAAAGUlEQVRIx+3BMQEAAADCoPVPbQlPoAAA4G0KZgABnEkcWQAAAABJRU5ErkJggg==\" \/><\/div><\/a><\/div><\/div><div class=\"gt3pg-isotope-item loading \" ><div class=\"isotope_item-wrapper\"><a href=\"https:\/\/myraoptika.hu\/wp-content\/uploads\/2024\/12\/1280px-Hugo-Boss-Logo_svg-300x112.png\" class=\"gt3pg-lightbox\" data-elementor-open-lightbox=\"no\"><div class=\"img-wrapper \"><img loading=\"lazy\" decoding=\"async\" width=\"300\" height=\"112\" src=\"https:\/\/myraoptika.hu\/wp-content\/uploads\/2024\/12\/1280px-Hugo-Boss-Logo_svg-300x112.png\" class=\"skip-lazy gt3-lazy-image\" alt=\"\" data-lazy-src=\"https:\/\/myraoptika.hu\/wp-content\/uploads\/2024\/12\/1280px-Hugo-Boss-Logo_svg-300x112.png?is-pending-load=1\" srcset=\"data:image\/png;base64,iVBORw0KGgoAAAANSUhEUgAAAB4AAAALCAYAAABoKz2KAAAACXBIWXMAAA7EAAAOxAGVKw4bAAAAFElEQVQ4y2NgGAWjYBSMglFAJAAABTMAAdwPw8IAAAAASUVORK5CYII=\" \/><\/div><\/a><\/div><\/div><div class=\"gt3pg-isotope-item loading \" ><div class=\"isotope_item-wrapper\"><a href=\"https:\/\/myraoptika.hu\/wp-content\/uploads\/2024\/12\/1200px-Lacoste_logo_svg-300x145.png\" class=\"gt3pg-lightbox\" data-elementor-open-lightbox=\"no\"><div class=\"img-wrapper \"><img loading=\"lazy\" decoding=\"async\" width=\"300\" height=\"145\" src=\"https:\/\/myraoptika.hu\/wp-content\/uploads\/2024\/12\/1200px-Lacoste_logo_svg-300x145.png\" class=\"skip-lazy gt3-lazy-image\" alt=\"\" data-lazy-src=\"https:\/\/myraoptika.hu\/wp-content\/uploads\/2024\/12\/1200px-Lacoste_logo_svg-300x145.png?is-pending-load=1\" srcset=\"data:image\/png;base64,iVBORw0KGgoAAAANSUhEUgAAAB4AAAAOCAYAAAA45qw5AAAACXBIWXMAAA7EAAAOxAGVKw4bAAAAFklEQVQ4y2NgGAWjYBSMglEwCgYbAAAGngABt9s2TgAAAABJRU5ErkJggg==\" \/><\/div><\/a><\/div><\/div><div class=\"gt3pg-isotope-item loading \" ><div class=\"isotope_item-wrapper\"><a href=\"https:\/\/myraoptika.hu\/wp-content\/uploads\/2024\/12\/833a1d6f-26bf-480f-bac1-d08d541ea483__SR970300_.png-300x93.jpeg\" class=\"gt3pg-lightbox\" data-elementor-open-lightbox=\"no\"><div class=\"img-wrapper \"><img loading=\"lazy\" decoding=\"async\" width=\"300\" height=\"93\" src=\"https:\/\/myraoptika.hu\/wp-content\/uploads\/2024\/12\/833a1d6f-26bf-480f-bac1-d08d541ea483__SR970300_.png-300x93.jpeg\" class=\"skip-lazy gt3-lazy-image\" alt=\"\" data-lazy-src=\"https:\/\/myraoptika.hu\/wp-content\/uploads\/2024\/12\/833a1d6f-26bf-480f-bac1-d08d541ea483__SR970300_.png-300x93.jpeg?is-pending-load=1\" srcset=\"data:image\/png;base64,iVBORw0KGgoAAAANSUhEUgAAAB4AAAAJCAYAAAAl45yBAAAACXBIWXMAAA7EAAAOxAGVKw4bAAAAEklEQVQ4y2NgGAWjYBSMAjIBAARBAAEvDsdMAAAAAElFTkSuQmCC\" \/><\/div><\/a><\/div><\/div><div class=\"gt3pg-isotope-item loading \" ><div class=\"isotope_item-wrapper\"><a href=\"https:\/\/myraoptika.hu\/wp-content\/uploads\/2024\/12\/4c671214-e0d9-11e7-bb5e-901b0e263cca-300x158.jpg\" class=\"gt3pg-lightbox\" data-elementor-open-lightbox=\"no\"><div class=\"img-wrapper \"><img loading=\"lazy\" decoding=\"async\" width=\"300\" height=\"158\" src=\"https:\/\/myraoptika.hu\/wp-content\/uploads\/2024\/12\/4c671214-e0d9-11e7-bb5e-901b0e263cca-300x158.jpg\" class=\"skip-lazy gt3-lazy-image\" alt=\"\" data-lazy-src=\"https:\/\/myraoptika.hu\/wp-content\/uploads\/2024\/12\/4c671214-e0d9-11e7-bb5e-901b0e263cca-300x158.jpg?is-pending-load=1\" srcset=\"data:image\/png;base64,iVBORw0KGgoAAAANSUhEUgAAAB4AAAAPCAYAAADzun+cAAAACXBIWXMAAA7EAAAOxAGVKw4bAAAAF0lEQVQ4y2NgGAWjYBSMglEwCkYBFAAABxcAAdvUIbkAAAAASUVORK5CYII=\" \/><\/div><\/a><\/div><\/div>\t\t\t<\/div>\r\n\t\t<\/div>\r\n\t\t<script type=\"application\/json\" id=\"settings--uid-c69665040a35805f\">{\"id\":1,\"uid\":\"uid-c69665040a35805f\",\"grid_type\":\"rectangle-16x9\",\"modules\":[\"Lightbox\"],\"lightboxArray\":[{\"href\":\"https:\\\/\\\/myraoptika.hu\\\/wp-content\\\/uploads\\\/2024\\\/12\\\/united-colors-of-benetton-logo.png\",\"title\":\"united-colors-of-benetton-logo\",\"thumbnail\":\"https:\\\/\\\/myraoptika.hu\\\/wp-content\\\/uploads\\\/2024\\\/12\\\/united-colors-of-benetton-logo-150x150.png\",\"description\":\"\",\"is_video\":0,\"image_id\":166,\"width\":920,\"height\":500},{\"href\":\"https:\\\/\\\/myraoptika.hu\\\/wp-content\\\/uploads\\\/2024\\\/12\\\/Roberto-Cavalli-Logo.png\",\"title\":\"Roberto-Cavalli-Logo\",\"thumbnail\":\"https:\\\/\\\/myraoptika.hu\\\/wp-content\\\/uploads\\\/2024\\\/12\\\/Roberto-Cavalli-Logo-150x150.png\",\"description\":\"\",\"is_video\":0,\"image_id\":165,\"width\":830,\"height\":830},{\"href\":\"https:\\\/\\\/myraoptika.hu\\\/wp-content\\\/uploads\\\/2024\\\/12\\\/pepe-jeans_owler_20160227_202440_original.jpg\",\"title\":\"pepe-jeans_owler_20160227_202440_original\",\"thumbnail\":\"https:\\\/\\\/myraoptika.hu\\\/wp-content\\\/uploads\\\/2024\\\/12\\\/pepe-jeans_owler_20160227_202440_original-150x150.jpg\",\"description\":\"\",\"is_video\":0,\"image_id\":163,\"width\":830,\"height\":251},{\"href\":\"https:\\\/\\\/myraoptika.hu\\\/wp-content\\\/uploads\\\/2024\\\/12\\\/raf-simons-calvin-klein-logo-01-480x320-1.jpg\",\"title\":\"raf-simons-calvin-klein-logo-01-480x320\",\"thumbnail\":\"https:\\\/\\\/myraoptika.hu\\\/wp-content\\\/uploads\\\/2024\\\/12\\\/raf-simons-calvin-klein-logo-01-480x320-1-150x150.jpg\",\"description\":\"\",\"is_video\":0,\"image_id\":164,\"width\":480,\"height\":320},{\"href\":\"https:\\\/\\\/myraoptika.hu\\\/wp-content\\\/uploads\\\/2024\\\/12\\\/mos_logo_large.png\",\"title\":\"mos_logo_large\",\"thumbnail\":\"https:\\\/\\\/myraoptika.hu\\\/wp-content\\\/uploads\\\/2024\\\/12\\\/mos_logo_large-150x150.png\",\"description\":\"\",\"is_video\":0,\"image_id\":162,\"width\":1200,\"height\":900},{\"href\":\"https:\\\/\\\/myraoptika.hu\\\/wp-content\\\/uploads\\\/2024\\\/12\\\/1280px-Hugo-Boss-Logo_svg.png\",\"title\":\"1280px-Hugo-Boss-Logo_svg\",\"thumbnail\":\"https:\\\/\\\/myraoptika.hu\\\/wp-content\\\/uploads\\\/2024\\\/12\\\/1280px-Hugo-Boss-Logo_svg-150x150.png\",\"description\":\"\",\"is_video\":0,\"image_id\":161,\"width\":1280,\"height\":476},{\"href\":\"https:\\\/\\\/myraoptika.hu\\\/wp-content\\\/uploads\\\/2024\\\/12\\\/1200px-Lacoste_logo_svg.png\",\"title\":\"1200px-Lacoste_logo_svg\",\"thumbnail\":\"https:\\\/\\\/myraoptika.hu\\\/wp-content\\\/uploads\\\/2024\\\/12\\\/1200px-Lacoste_logo_svg-150x150.png\",\"description\":\"\",\"is_video\":0,\"image_id\":160,\"width\":1200,\"height\":578},{\"href\":\"https:\\\/\\\/myraoptika.hu\\\/wp-content\\\/uploads\\\/2024\\\/12\\\/833a1d6f-26bf-480f-bac1-d08d541ea483__SR970300_.png.jpeg\",\"title\":\"833a1d6f-26bf-480f-bac1-d08d541ea483__SR970,300_.png\",\"thumbnail\":\"https:\\\/\\\/myraoptika.hu\\\/wp-content\\\/uploads\\\/2024\\\/12\\\/833a1d6f-26bf-480f-bac1-d08d541ea483__SR970300_.png-150x150.jpeg\",\"description\":\"\",\"is_video\":0,\"image_id\":158,\"width\":970,\"height\":300},{\"href\":\"https:\\\/\\\/myraoptika.hu\\\/wp-content\\\/uploads\\\/2024\\\/12\\\/4c671214-e0d9-11e7-bb5e-901b0e263cca.jpg\",\"title\":\"4c671214-e0d9-11e7-bb5e-901b0e263cca\",\"thumbnail\":\"https:\\\/\\\/myraoptika.hu\\\/wp-content\\\/uploads\\\/2024\\\/12\\\/4c671214-e0d9-11e7-bb5e-901b0e263cca-150x150.jpg\",\"description\":\"\",\"is_video\":0,\"image_id\":157,\"width\":1200,\"height\":630}],\"lightbox\":{\"enable\":true,\"options\":{\"instance\":1}},\"items\":[{\"href\":\"https:\\\/\\\/myraoptika.hu\\\/wp-content\\\/uploads\\\/2024\\\/12\\\/united-colors-of-benetton-logo.png\",\"title\":\"united-colors-of-benetton-logo\",\"thumbnail\":\"https:\\\/\\\/myraoptika.hu\\\/wp-content\\\/uploads\\\/2024\\\/12\\\/united-colors-of-benetton-logo-150x150.png\",\"description\":\"\",\"is_video\":0,\"image_id\":166,\"width\":920,\"height\":500},{\"href\":\"https:\\\/\\\/myraoptika.hu\\\/wp-content\\\/uploads\\\/2024\\\/12\\\/Roberto-Cavalli-Logo.png\",\"title\":\"Roberto-Cavalli-Logo\",\"thumbnail\":\"https:\\\/\\\/myraoptika.hu\\\/wp-content\\\/uploads\\\/2024\\\/12\\\/Roberto-Cavalli-Logo-150x150.png\",\"description\":\"\",\"is_video\":0,\"image_id\":165,\"width\":830,\"height\":830},{\"href\":\"https:\\\/\\\/myraoptika.hu\\\/wp-content\\\/uploads\\\/2024\\\/12\\\/pepe-jeans_owler_20160227_202440_original.jpg\",\"title\":\"pepe-jeans_owler_20160227_202440_original\",\"thumbnail\":\"https:\\\/\\\/myraoptika.hu\\\/wp-content\\\/uploads\\\/2024\\\/12\\\/pepe-jeans_owler_20160227_202440_original-150x150.jpg\",\"description\":\"\",\"is_video\":0,\"image_id\":163,\"width\":830,\"height\":251},{\"href\":\"https:\\\/\\\/myraoptika.hu\\\/wp-content\\\/uploads\\\/2024\\\/12\\\/raf-simons-calvin-klein-logo-01-480x320-1.jpg\",\"title\":\"raf-simons-calvin-klein-logo-01-480x320\",\"thumbnail\":\"https:\\\/\\\/myraoptika.hu\\\/wp-content\\\/uploads\\\/2024\\\/12\\\/raf-simons-calvin-klein-logo-01-480x320-1-150x150.jpg\",\"description\":\"\",\"is_video\":0,\"image_id\":164,\"width\":480,\"height\":320},{\"href\":\"https:\\\/\\\/myraoptika.hu\\\/wp-content\\\/uploads\\\/2024\\\/12\\\/mos_logo_large.png\",\"title\":\"mos_logo_large\",\"thumbnail\":\"https:\\\/\\\/myraoptika.hu\\\/wp-content\\\/uploads\\\/2024\\\/12\\\/mos_logo_large-150x150.png\",\"description\":\"\",\"is_video\":0,\"image_id\":162,\"width\":1200,\"height\":900},{\"href\":\"https:\\\/\\\/myraoptika.hu\\\/wp-content\\\/uploads\\\/2024\\\/12\\\/1280px-Hugo-Boss-Logo_svg.png\",\"title\":\"1280px-Hugo-Boss-Logo_svg\",\"thumbnail\":\"https:\\\/\\\/myraoptika.hu\\\/wp-content\\\/uploads\\\/2024\\\/12\\\/1280px-Hugo-Boss-Logo_svg-150x150.png\",\"description\":\"\",\"is_video\":0,\"image_id\":161,\"width\":1280,\"height\":476},{\"href\":\"https:\\\/\\\/myraoptika.hu\\\/wp-content\\\/uploads\\\/2024\\\/12\\\/1200px-Lacoste_logo_svg.png\",\"title\":\"1200px-Lacoste_logo_svg\",\"thumbnail\":\"https:\\\/\\\/myraoptika.hu\\\/wp-content\\\/uploads\\\/2024\\\/12\\\/1200px-Lacoste_logo_svg-150x150.png\",\"description\":\"\",\"is_video\":0,\"image_id\":160,\"width\":1200,\"height\":578},{\"href\":\"https:\\\/\\\/myraoptika.hu\\\/wp-content\\\/uploads\\\/2024\\\/12\\\/833a1d6f-26bf-480f-bac1-d08d541ea483__SR970300_.png.jpeg\",\"title\":\"833a1d6f-26bf-480f-bac1-d08d541ea483__SR970,300_.png\",\"thumbnail\":\"https:\\\/\\\/myraoptika.hu\\\/wp-content\\\/uploads\\\/2024\\\/12\\\/833a1d6f-26bf-480f-bac1-d08d541ea483__SR970300_.png-150x150.jpeg\",\"description\":\"\",\"is_video\":0,\"image_id\":158,\"width\":970,\"height\":300},{\"href\":\"https:\\\/\\\/myraoptika.hu\\\/wp-content\\\/uploads\\\/2024\\\/12\\\/4c671214-e0d9-11e7-bb5e-901b0e263cca.jpg\",\"title\":\"4c671214-e0d9-11e7-bb5e-901b0e263cca\",\"thumbnail\":\"https:\\\/\\\/myraoptika.hu\\\/wp-content\\\/uploads\\\/2024\\\/12\\\/4c671214-e0d9-11e7-bb5e-901b0e263cca-150x150.jpg\",\"description\":\"\",\"is_video\":0,\"image_id\":157,\"width\":1200,\"height\":630}]}<\/script>\r\n\t\t<\/div>","protected":false},"excerpt":{"rendered":"<p>Szem\u00fcvegkeret kollekci\u00f3inkkal igyeksz\u00fcnk mindenki sz\u00e1m\u00e1ra nemt\u0151l \u00e9s kort\u00f3l f\u00fcggetlen\u00fcl az egy\u00e9ni st\u00edlus\u00e1nak megfelel\u0151 szem\u00fcveget megtal\u00e1lni. A v\u00e1laszt\u00e9kunkban a hagyom\u00e1nyos szem\u00fcvegekt\u0151l<\/p>\n","protected":false},"author":1,"featured_media":0,"parent":0,"menu_order":0,"comment_status":"closed","ping_status":"closed","template":"","meta":{"footnotes":""},"class_list":["post-15","page","type-page","status-publish","hentry"],"_links":{"self":[{"href":"https:\/\/myraoptika.hu\/index.php\/wp-json\/wp\/v2\/pages\/15","targetHints":{"allow":["GET"]}}],"collection":[{"href":"https:\/\/myraoptika.hu\/index.php\/wp-json\/wp\/v2\/pages"}],"about":[{"href":"https:\/\/myraoptika.hu\/index.php\/wp-json\/wp\/v2\/types\/page"}],"author":[{"embeddable":true,"href":"https:\/\/myraoptika.hu\/index.php\/wp-json\/wp\/v2\/users\/1"}],"replies":[{"embeddable":true,"href":"https:\/\/myraoptika.hu\/index.php\/wp-json\/wp\/v2\/comments?post=15"}],"version-history":[{"count":5,"href":"https:\/\/myraoptika.hu\/index.php\/wp-json\/wp\/v2\/pages\/15\/revisions"}],"predecessor-version":[{"id":169,"href":"https:\/\/myraoptika.hu\/index.php\/wp-json\/wp\/v2\/pages\/15\/revisions\/169"}],"wp:attachment":[{"href":"https:\/\/myraoptika.hu\/index.php\/wp-json\/wp\/v2\/media?parent=15"}],"curies":[{"name":"wp","href":"https:\/\/api.w.org\/{rel}","templated":true}]}}