{"id":53,"date":"2024-12-16T13:14:37","date_gmt":"2024-12-16T13:14:37","guid":{"rendered":"https:\/\/myraoptika.hu\/?page_id=53"},"modified":"2024-12-21T19:12:28","modified_gmt":"2024-12-21T19:12:28","slug":"rolunk","status":"publish","type":"page","link":"https:\/\/myraoptika.hu\/index.php\/rolunk\/","title":{"rendered":"R\u00d3LUNK"},"content":{"rendered":"<h4 style=\"text-align: justify;\">A Myra Optika Sz\u00e9kesfeh\u00e9rv\u00e1r belv\u00e1ros\u00e1ban tal\u00e1lhat\u00f3 a R\u00e1k\u00f3czi \u00fat 14-16 sz\u00e1m alatt. \u00dczlet\u00fcnk tapasztalt, szakk\u00e9pzett koll\u00e9g\u00e1kkal \u00e9s min\u0151s\u00e9gi kiszolg\u00e1l\u00e1ssal igyekszik \u00e9rdemben jav\u00edtani az \u00d6n l\u00e1t\u00e1s probl\u00e9m\u00e1j\u00e1n is. Munkat\u00e1rsaink rugalmas \u00e1rakkal \u00e9s kell\u0151en nagy szem\u00fcvegkeret \u00e9s kontaktlencse k\u00edn\u00e1lattal biztos\u00edtj\u00e1k azt, hogy \u00d6n, ak\u00e1r azonnali szolg\u00e1ltat\u00e1shoz juthasson. A Myra Optika rendszeres akci\u00f3j\u00e1t Interneten \u00e9s sz\u00f3r\u00f3lapon kereszt\u00fcl is terjeszti. \u00dczlet\u00fcnk az Opticnet H\u00e1l\u00f3zat\u00e1nak tagja.<br \/>\n<strong>Az Internet seg\u00edts\u00e9g\u00e9vel, folyamatosan el\u00e9rhet\u0151ek munkat\u00e1rsaink \u00e9s email c\u00edm\u00fcnkre \u00e9rkez\u0151 megkeres\u00e9seikre 24 \u00f3r\u00e1n bel\u00fcl v\u00e1lasszal szolg\u00e1lunk.<\/strong><\/h4>\n<h4 style=\"text-align: justify;\">Egyedi szem\u00fcveglencse \u00e9s szem\u00fcvegkeret ig\u00e9ny\u00e9vel is forduljon hozz\u00e1nk b\u00e1tran, amit csak lehet, azt beszerezz\u00fck az \u00d6n sz\u00e1m\u00e1ra.<br \/>\n\u00dczlet\u00fcnkben igyeksz\u00fcnk a lehet\u0151 legr\u00f6videbb hat\u00e1rid\u0151n bel\u00fcl elk\u00e9sz\u00edteni a szem\u00fcveg\u00e9t. Szemorvosunk gyermek \u00e9s feln\u0151tt szem\u00e9szetben is t\u00f6bb \u00e9vtizedes szakmai gyakorlattal rendelkezik \u00e9s optik\u00e1nk rugalmass\u00e1ga az \u00d6n idej\u00e9hez is kell\u0151en alkalmazkodni k\u00e9pes.<br \/>\nL\u00e1togasson meg benn\u00fcnket \u00e9s igyeksz\u00fcnk ig\u00e9nyeinek megfelel\u0151 szolg\u00e1ltat\u00e1st biztos\u00edtani!<\/h4>\n<h4 style=\"text-align: justify;\"><\/h4>\n","protected":false},"excerpt":{"rendered":"<p>A Myra Optika Sz\u00e9kesfeh\u00e9rv\u00e1r belv\u00e1ros\u00e1ban tal\u00e1lhat\u00f3 a R\u00e1k\u00f3czi \u00fat 14-16 sz\u00e1m alatt. \u00dczlet\u00fcnk tapasztalt, szakk\u00e9pzett koll\u00e9g\u00e1kkal \u00e9s min\u0151s\u00e9gi kiszolg\u00e1l\u00e1ssal igyekszik<\/p>\n","protected":false},"author":1,"featured_media":0,"parent":0,"menu_order":0,"comment_status":"closed","ping_status":"closed","template":"","meta":{"footnotes":""},"class_list":["post-53","page","type-page","status-publish","hentry"],"_links":{"self":[{"href":"https:\/\/myraoptika.hu\/index.php\/wp-json\/wp\/v2\/pages\/53","targetHints":{"allow":["GET"]}}],"collection":[{"href":"https:\/\/myraoptika.hu\/index.php\/wp-json\/wp\/v2\/pages"}],"about":[{"href":"https:\/\/myraoptika.hu\/index.php\/wp-json\/wp\/v2\/types\/page"}],"author":[{"embeddable":true,"href":"https:\/\/myraoptika.hu\/index.php\/wp-json\/wp\/v2\/users\/1"}],"replies":[{"embeddable":true,"href":"https:\/\/myraoptika.hu\/index.php\/wp-json\/wp\/v2\/comments?post=53"}],"version-history":[{"count":5,"href":"https:\/\/myraoptika.hu\/index.php\/wp-json\/wp\/v2\/pages\/53\/revisions"}],"predecessor-version":[{"id":130,"href":"https:\/\/myraoptika.hu\/index.php\/wp-json\/wp\/v2\/pages\/53\/revisions\/130"}],"wp:attachment":[{"href":"https:\/\/myraoptika.hu\/index.php\/wp-json\/wp\/v2\/media?parent=53"}],"curies":[{"name":"wp","href":"https:\/\/api.w.org\/{rel}","templated":true}]}}

RÓLUNK

<h4 style="text-align: justify;">A Myra Optika Székesfehérvár belvárosában található a Rákóczi út 14-16 szám alatt. Üzletünk tapasztalt, szakképzett kollégákkal és minőségi kiszolgálással igyekszik érdemben javítani az Ön látás problémáján is. Munkatársaink rugalmas árakkal és kellően nagy szemüvegkeret és kontaktlencse kínálattal biztosítják azt, hogy Ön, akár azonnali szolgáltatáshoz juthasson. A Myra Optika rendszeres akcióját Interneten és szórólapon keresztül is terjeszti. Üzletünk az Opticnet Hálózatának tagja.<br />
<strong>Az Internet segítségével, folyamatosan elérhetőek munkatársaink és email címünkre érkező megkereséseikre 24 órán belül válasszal szolgálunk.</strong></h4>
<h4 style="text-align: justify;">Egyedi szemüveglencse és szemüvegkeret igényével is forduljon hozzánk bátran, amit csak lehet, azt beszerezzük az Ön számára.<br />
Üzletünkben igyekszünk a lehető legrövidebb határidőn belül elkészíteni a szemüvegét. Szemorvosunk gyermek és felnőtt szemészetben is több évtizedes szakmai gyakorlattal rendelkezik és optikánk rugalmassága az Ön idejéhez is kellően alkalmazkodni képes.<br />
Látogasson meg bennünket és igyekszünk igényeinek megfelelő szolgáltatást biztosítani!</h4>
<h4 style="text-align: justify;"></h4>

<p>A Myra Optika Székesfehérvár belvárosában található a Rákóczi út 14-16 szám alatt. Üzletünk tapasztalt, szakképzett kollégákkal és minőségi kiszolgálással igyekszik</p>
